{"id":3369,"date":"2024-08-01T09:02:08","date_gmt":"2024-08-01T09:02:08","guid":{"rendered":"https:\/\/ktm-troxler.de\/?page_id=3369"},"modified":"2024-10-31T15:40:51","modified_gmt":"2024-10-31T15:40:51","slug":"datenschutz","status":"publish","type":"page","link":"https:\/\/ktm-troxler.de\/eng\/datenschutz\/","title":{"rendered":"Data protection"},"content":{"rendered":"<div data-elementor-type=\"wp-page\" data-elementor-id=\"3369\" class=\"elementor elementor-3369\" data-elementor-post-type=\"page\">\n\t\t\t\t\t\t<section class=\"elementor-section elementor-top-section elementor-element elementor-element-b487e34 elementor-section-height-min-height inner-banner elementor-section-boxed elementor-section-height-default elementor-section-items-middle\" data-id=\"b487e34\" data-element_type=\"section\" data-e-type=\"section\" data-settings=\"{&quot;background_background&quot;:&quot;classic&quot;}\">\n\t\t\t\t\t\t\t<div class=\"elementor-background-overlay\"><\/div>\n\t\t\t\t\t\t\t<div class=\"elementor-container elementor-column-gap-default\">\n\t\t\t\t\t<div class=\"elementor-column elementor-col-100 elementor-top-column elementor-element elementor-element-55095d5\" data-id=\"55095d5\" data-element_type=\"column\" data-e-type=\"column\">\n\t\t\t<div class=\"elementor-widget-wrap elementor-element-populated\">\n\t\t\t\t\t\t<div class=\"elementor-element elementor-element-c4b6a84 elementor-widget elementor-widget-heading\" data-id=\"c4b6a84\" data-element_type=\"widget\" data-e-type=\"widget\" data-widget_type=\"heading.default\">\n\t\t\t\t\t\t<div class=\"elementor-widget-container\">\n\t\t\t\t\t<h1 class=\"elementor-heading-title elementor-size-default\">Privacy policy<\/h1>\t\t\t\t<\/div>\n\t\t\t\t<\/div>\n\t\t\t\t<div class=\"elementor-element elementor-element-a5ca0e6 elementor-widget__width-initial elementor-widget elementor-widget-text-editor\" data-id=\"a5ca0e6\" data-element_type=\"widget\" data-e-type=\"widget\" data-widget_type=\"text-editor.default\">\n\t\t\t\t\t\t<div class=\"elementor-widget-container\">\n\t\t\t\t\t\t\t\t\t<p>Thank you for your interest in our website. The protection of your personal data is very important to us.<\/p>\t\t\t\t\t\t\t\t<\/div>\n\t\t\t\t<\/div>\n\t\t\t\t\t<\/div>\n\t\t<\/div>\n\t\t\t\t\t<\/div>\n\t\t<\/section>\n\t\t\t\t<section class=\"elementor-section elementor-top-section elementor-element elementor-element-f47153a elementor-section-boxed elementor-section-height-default elementor-section-height-default\" data-id=\"f47153a\" data-element_type=\"section\" data-e-type=\"section\">\n\t\t\t\t\t\t<div class=\"elementor-container elementor-column-gap-default\">\n\t\t\t\t\t<div class=\"elementor-column elementor-col-100 elementor-top-column elementor-element elementor-element-522b28d\" data-id=\"522b28d\" data-element_type=\"column\" data-e-type=\"column\">\n\t\t\t<div class=\"elementor-widget-wrap elementor-element-populated\">\n\t\t\t\t\t\t<div class=\"elementor-element elementor-element-a84e49f elementor-widget elementor-widget-text-editor\" data-id=\"a84e49f\" data-element_type=\"widget\" data-e-type=\"widget\" data-widget_type=\"text-editor.default\">\n\t\t\t\t\t\t<div class=\"elementor-widget-container\">\n\t\t\t\t\t\t\t\t\t<h2>1. data protection at a glance<\/h2>\n<h3>General information<\/h3>\n<p>The following notes provide a simple overview,<br>\nwhat happens to your personal data when you visit this website. Personal data are<br>\nall data with which you can be personally identified. Detailed information on the<br>\nFor more information on data protection, please refer to our<br>\nPrivacy policy.<\/p>\n<h3>Data collection on this website<\/h3>\n<h4>Who is responsible for data collection on this<br>\nWebsite?<\/h4>\n<p>Data processing on this website is carried out by the website operator. Its<br>\nContact details can be found in the section \"Information on the responsible body\" in this<br>\nprivacy policy.<\/p>\n<h4>How do we collect your data?<\/h4>\n<p>Your data will be used to<br>\neinen dadurch erhoben, dass Sie uns diese mitteilen. Hierbei kann es sich z.&nbsp;B. um Daten handeln, die Sie in ein<br>\nEnter contact form.<\/p>\n<p>Other data is collected automatically or with your consent when you visit<br>\nder Website durch unsere IT-Systeme erfasst. Das sind vor allem technische Daten (z.&nbsp;B. Internetbrowser,<br>\noperating system or time of the page view). This data is collected automatically as soon as you<br>\nEnter website.<\/p>\n<h4>What do we use your data for?<\/h4>\n<p>Part of the data is collected in order to<br>\nto ensure error-free provision of the website. Other data can be used to analyze your<br>\nuser behavior.<\/p>\n<h4>What rights do you have with regard to your data?<\/h4>\n<p>You have the right at any time to request information free of charge about the origin, recipient and purpose of your<br>\npersonal data stored by us. You also have the right to request the rectification or<br>\nto request the deletion of this data. If you have given your consent to data processing,<br>\nyou can revoke this consent at any time for the future. You also have the right to<br>\nunder certain circumstances, to obtain the restriction of processing of your personal data<br>\nto demand. You also have the right to lodge a complaint with the competent supervisory authority<br>\nto.<\/p>\n<p>You can contact us at any time if you have further questions on the subject of data protection<br>\nturn.<\/p>\n<h2>2. general notes and mandatory information<\/h2>\n<h3>Data protection<\/h3>\n<p>The operators of these pages take the protection of your personal data very seriously.<br>\nseriously. We treat your personal data confidentially and in accordance with the legal requirements.<br>\ndata protection regulations and this privacy policy.<\/p>\n<p>When you use this website,<br>\nvarious types of personal data are collected. Personal data is data with which you<br>\ncan be personally identified. This privacy policy explains,<br>\nwhat data we collect and what we use it for. It also explains how and for what purpose the<br>\nhappens.<\/p>\n<p>Wir weisen darauf hin, dass die Daten\u00fcbertragung im Internet (z.&nbsp;B. bei der<br>\ncommunication by e-mail) may have security gaps. A complete protection of the data from<br>\naccess by third parties is not possible.<\/p>\n<h3>Note on the responsible body<\/h3>\n<p>The responsible body for data processing on<br>\nof this website:<\/p>\n<p>Troxler Ltd.<br>In der Rohrmatt 8<br>77955 Ettenheim<\/p>\n<p>Phone: +49 7822 446940 0<br>E-mail: info@ktm-troxler.de<\/p>\n<p>The controller is the natural or legal person who alone or jointly with others<br>\n\u00fcber die Zwecke und Mittel der Verarbeitung von personenbezogenen Daten (z.&nbsp;B. Namen, E-Mail-<br>\naddresses or similar).<\/p>\n<h3>Storage duration<\/h3>\n<p>Unless a more specific storage period is specified in this privacy policy<br>\nyour personal data will remain with us until the purpose of the data processing has been fulfilled.<br>\nnot applicable. If you assert a justified request for deletion or consent to the<br>\ndata processing, your data will be deleted, provided we have no other legal grounds for doing so.<br>\nzul\u00e4ssigen Gr\u00fcnde f\u00fcr die Speicherung Ihrer personenbezogenen Daten haben (z.&nbsp;B. steuer-<br>\nor retention periods under commercial law); in the latter case, the deletion takes place after the end of the retention period.<br>\nof these reasons.<\/p>\n<h3>General information on the legal basis for data processing on this website<\/h3>\n<p>If you<br>\nhave consented to data processing, we process your personal data on the basis of Art.<br>\nArt. 6 para. 1 lit. a GDPR or Art. 9 para. 2 lit. a GDPR, if special categories of data according to Art. 9 para. 1 GDPR<br>\nare processed. In the event of explicit consent to the transfer of personal data, the<br>\ndata in third countries, data processing is also carried out on the basis of Art. 49 para. 1 lit. a GDPR.<br>\nSofern Sie in die Speicherung von Cookies oder in den Zugriff auf Informationen in Ihr Endger\u00e4t (z.&nbsp;B. via<br>\ndevice fingerprinting), the data processing is additionally carried out on the basis of \u00a7<br>\n25 para. 1 TDDDG. Consent can be revoked at any time. If your data is required for the fulfillment of a contract or<br>\nIf it is necessary to carry out pre-contractual measures, we process your data on the basis of the<br>\nArt. 6 para. 1 lit. b GDPR. Furthermore, we process your data if this is necessary for the fulfillment of a<br>\nlegal obligation on the basis of Art. 6 para. 1 lit. c GDPR. The data processing<br>\nmay also be based on our legitimate interest in accordance with Art. 6 para. 1 lit. f GDPR. About the<br>\nThe relevant legal bases in each individual case are described in the following paragraphs of this<br>\nPrivacy policy informed.<\/p>\n<h3>Recipients of personal data<\/h3>\n<p>As part of our business activities<br>\nwe work together with various external bodies. In some cases, this also involves the transmission of<br>\npersonal data to these external bodies is required. We only disclose personal data to<br>\nexternal bodies if this is necessary in the context of the fulfillment of a contract, if we are legally obliged to<br>\nhierzu verpflichtet sind (z.&nbsp;B. Weitergabe von Daten an Steuerbeh\u00f6rden), wenn wir ein berechtigtes<br>\ninterest pursuant to Art. 6 para. 1 lit. f GDPR in the disclosure or if there is another legal basis for the disclosure.<br>\nData transfer permitted. When using contract processors, we disclose personal data of our<br>\ncustomers only on the basis of a valid order processing contract. In the event of a<br>\njoint processing, a joint processing agreement is concluded.<\/p>\n<h3>Revocation of your consent to data processing<\/h3>\n<p>Many data processing operations are<br>\nonly possible with your express consent. You can revoke consent you have already given<br>\nrevoked at any time. The legality of the data processing carried out until the revocation remains unaffected by the revocation.<br>\nRevocation unaffected.<\/p>\n<h3>Right to object to the collection of data in special cases and to direct marketing (Art. 21<br>\nGDPR)<\/h3>\n<p>IF THE DATA PROCESSING IS BASED ON ART. 6 ABS. 1 LIT. E OR F<br>\nDSGVO, YOU HAVE THE RIGHT AT ANY TIME, FOR REASONS ARISING FROM YOUR<br>\nSPECIAL SITUATION, AGAINST THE PROCESSING OF YOUR PERSONAL DATA<br>\nOBJECTION; THIS ALSO APPLIES TO AN OBJECTION BASED ON THESE PROVISIONS.<br>\nPROFILING. THE RESPECTIVE LEGAL BASIS ON WHICH PROCESSING IS BASED CAN BE FOUND IN<br>\nYOU TO THIS PRIVACY POLICY. IF YOU OBJECT, WE WILL PROCESS YOUR<br>\nNO LONGER PROCESS THE PERSONAL DATA CONCERNED, UNLESS WE CAN PROVE THAT WE<br>\nTHERE MAY BE COMPELLING LEGITIMATE GROUNDS FOR THE PROCESSING.<br>\nTHAT OUTWEIGH THEIR INTERESTS, RIGHTS AND FREEDOMS OR THAT<br>\nPROCESSING SERVES THE ASSERTION, EXERCISE OR DEFENSE OF LEGAL CLAIMS.<br>\nLEGAL CLAIMS (OBJECTION PURSUANT TO ART. 21 PARA. 1 GDPR).<\/p>\n<p>WILL YOUR<br>\nPERSONAL DATA ARE PROCESSED FOR THE PURPOSE OF DIRECT MARKETING, YOU HAVE THE RIGHT TO<br>\nRIGHT TO OBJECT AT ANY TIME TO THE PROCESSING OF PERSONAL DATA CONCERNING YOU.<br>\nDATA FOR THE PURPOSE OF SUCH ADVERTISING; THIS ALSO APPLIES TO PROFILING,<br>\nINSOFAR AS IT IS CONNECTED WITH SUCH DIRECT ADVERTISING. IF YOU OBJECT,<br>\nYOUR PERSONAL DATA WILL SUBSEQUENTLY NO LONGER BE USED FOR THE PURPOSE OF<br>\nDIRECT ADVERTISING USED (OBJECTION PURSUANT TO ART. 21 PARA. 2 GDPR).<\/p>\n<h3>Right to lodge a complaint with the competent supervisory authority<\/h3>\n<p>In the case of<br>\ninfringements of the GDPR, data subjects have the right to lodge a complaint with a supervisory<br>\nsupervisory authority, in particular in the Member State of their habitual residence, their<br>\nworkplace or the location of the alleged infringement. The right of appeal exists<br>\nwithout prejudice to other administrative or judicial remedies.<\/p>\n<h3>Right to data portability<\/h3>\n<p>You have the right to access data that we process on the basis of<br>\nyour consent or in fulfillment of a contract, to itself or to a third party in the context of a contract.<br>\nin a common, machine-readable format. If you wish to use the direct<br>\ntransfer of the data to another controller, this will only be done if it is technically feasible.<br>\nis feasible.<\/p>\n<h3>Information, correction and deletion<\/h3>\n<p>Within the framework of the applicable legal<br>\nprovisions, you have the right to receive information about your stored personal data free of charge at any time.<br>\ndata, their origin and recipient and the purpose of the data processing and, if applicable, a right to<br>\nCorrection or deletion of this data. For this and other questions on the subject of personal data<br>\ndata, you can contact us at any time.<\/p>\n<h3>Right to restriction of processing<\/h3>\n<p>You have the right to request the restriction of<br>\nto request the restriction of the processing of your personal data. You can contact us at any time for this purpose.<br>\nThe right to restriction of processing exists in the following cases:<\/p>\n<ul>\n<li>If you use the<br>\nIf you dispute the accuracy of your personal data stored by us, we usually need time,<br>\nto check this. For the duration of the review, you have the right to<br>\nto demand the restriction of the processing of your personal data.<\/li>\n<li>When the<br>\nprocessing of your personal data happened\/is happening unlawfully, you can instead of<br>\nrequest the restriction of data processing prior to erasure.<\/li>\n<li>If we have your<br>\nyou no longer need the personal data, but you need them for the exercise, defense or<br>\nassertion of legal claims, you have the right, instead of the deletion, to demand the<br>\nto demand the restriction of the processing of your personal data.<\/li>\n<li>If you have a<br>\nobjection pursuant to Art. 21 (1) GDPR, a balance must be struck between your and our interests.<br>\ninterests are taken into account. As long as it has not yet been determined whose interests prevail, you have the<br>\nRight to request the restriction of the processing of your personal data.<\/li>\n<\/ul>\n<p>If you have restricted the processing of your personal data, this data may be<br>\ndata - apart from its storage - only with your consent or for assertion,<br>\nexercise or defense of legal claims or for the protection of the rights of another person<br>\nnatural person or legal entity or for reasons of important public interest of the<br>\nEuropean Union or a Member State.<\/p>\n<h3>SSL or TLS encryption<\/h3>\n<p>For security reasons and to protect your privacy, this site uses<br>\nthe transmission of confidential content, such as orders or inquiries that you send to us as<br>\nsite operator, SSL or TLS encryption. Recognize an encrypted connection<br>\nYou will notice that the address line of the browser changes from \"http:\/\/\" to \"https:\/\/\" and<br>\nby the lock symbol in your browser line.<\/p>\n<p>If SSL or TLS encryption is activated,<br>\nthe data you transmit to us cannot be read by third parties.<\/p>\t\t\t\t\t\t\t\t<\/div>\n\t\t\t\t<\/div>\n\t\t\t\t\t<\/div>\n\t\t<\/div>\n\t\t\t\t\t<\/div>\n\t\t<\/section>\n\t\t\t\t<\/div>","protected":false},"excerpt":{"rendered":"<p>Datenschutzerkl\u00e4rung Vielen Dank f\u00fcr Ihr Interesse an unserer Website. Der Schutz Ihrer personenbezogenen Daten ist uns ein sehr wichtiges Anliegen. 1. Datenschutz auf einen Blick Allgemeine Hinweise Die folgenden Hinweise geben einen einfachen \u00dcberblick dar\u00fcber, was mit Ihren personenbezogenen Daten passiert, wenn Sie diese Website besuchen. Personenbezogene Daten sind alle Daten, mit denen Sie pers\u00f6nlich [&hellip;]<\/p>\n","protected":false},"author":1,"featured_media":0,"parent":0,"menu_order":0,"comment_status":"closed","ping_status":"closed","template":"","meta":{"_acf_changed":false,"site-sidebar-layout":"no-sidebar","site-content-layout":"","ast-site-content-layout":"full-width-container","site-content-style":"default","site-sidebar-style":"default","ast-global-header-display":"","ast-banner-title-visibility":"","ast-main-header-display":"","ast-hfb-above-header-display":"","ast-hfb-below-header-display":"","ast-hfb-mobile-header-display":"","site-post-title":"disabled","ast-breadcrumbs-content":"","ast-featured-img":"disabled","footer-sml-layout":"","theme-transparent-header-meta":"default","adv-header-id-meta":"","stick-header-meta":"","header-above-stick-meta":"","header-main-stick-meta":"","header-below-stick-meta":"","astra-migrate-meta-layouts":"set","ast-page-background-enabled":"default","ast-page-background-meta":{"desktop":{"background-color":"var(--ast-global-color-4)","background-image":"","background-repeat":"repeat","background-position":"center center","background-size":"auto","background-attachment":"scroll","background-type":"","background-media":"","overlay-type":"","overlay-color":"","overlay-opacity":"","overlay-gradient":""},"tablet":{"background-color":"","background-image":"","background-repeat":"repeat","background-position":"center center","background-size":"auto","background-attachment":"scroll","background-type":"","background-media":"","overlay-type":"","overlay-color":"","overlay-opacity":"","overlay-gradient":""},"mobile":{"background-color":"","background-image":"","background-repeat":"repeat","background-position":"center center","background-size":"auto","background-attachment":"scroll","background-type":"","background-media":"","overlay-type":"","overlay-color":"","overlay-opacity":"","overlay-gradient":""}},"ast-content-background-meta":{"desktop":{"background-color":"var(--ast-global-color-5)","background-image":"","background-repeat":"repeat","background-position":"center center","background-size":"auto","background-attachment":"scroll","background-type":"","background-media":"","overlay-type":"","overlay-color":"","overlay-opacity":"","overlay-gradient":""},"tablet":{"background-color":"var(--ast-global-color-5)","background-image":"","background-repeat":"repeat","background-position":"center center","background-size":"auto","background-attachment":"scroll","background-type":"","background-media":"","overlay-type":"","overlay-color":"","overlay-opacity":"","overlay-gradient":""},"mobile":{"background-color":"var(--ast-global-color-5)","background-image":"","background-repeat":"repeat","background-position":"center center","background-size":"auto","background-attachment":"scroll","background-type":"","background-media":"","overlay-type":"","overlay-color":"","overlay-opacity":"","overlay-gradient":""}},"footnotes":""},"class_list":["post-3369","page","type-page","status-publish","hentry"],"acf":[],"_links":{"self":[{"href":"https:\/\/ktm-troxler.de\/eng\/wp-json\/wp\/v2\/pages\/3369","targetHints":{"allow":["GET"]}}],"collection":[{"href":"https:\/\/ktm-troxler.de\/eng\/wp-json\/wp\/v2\/pages"}],"about":[{"href":"https:\/\/ktm-troxler.de\/eng\/wp-json\/wp\/v2\/types\/page"}],"author":[{"embeddable":true,"href":"https:\/\/ktm-troxler.de\/eng\/wp-json\/wp\/v2\/users\/1"}],"replies":[{"embeddable":true,"href":"https:\/\/ktm-troxler.de\/eng\/wp-json\/wp\/v2\/comments?post=3369"}],"version-history":[{"count":3,"href":"https:\/\/ktm-troxler.de\/eng\/wp-json\/wp\/v2\/pages\/3369\/revisions"}],"predecessor-version":[{"id":3951,"href":"https:\/\/ktm-troxler.de\/eng\/wp-json\/wp\/v2\/pages\/3369\/revisions\/3951"}],"wp:attachment":[{"href":"https:\/\/ktm-troxler.de\/eng\/wp-json\/wp\/v2\/media?parent=3369"}],"curies":[{"name":"wp","href":"https:\/\/api.w.org\/{rel}","templated":true}]}}